mmon factor of o and 56.
14
Suppose -28 = -z - 6*z. What is the greatest common factor of 3 and z?
1
Suppose 0 = 3*s - 7 - 50. Let f = 51 - s. Calculate the highest common factor of f and 16.
16
Let a = 46 + -13. Let z(q) = -q**3 + 4*q**2 + 25*q - 17. Let f be z(7). Calculate the highest common divisor of f and a.
11
Let r be (-28)/10 + (-2)/10. Let z be 0 - 57 - 1/(-1). Let q be r + z/(-2) + -1. What is the highest common factor of 16 and q?
8
Let a be -4 - ((-39)/26)/(1/4). What is the highest common factor of a and 224?
2
Let u(p) = 29*p + 468. Let r be u(-12). What is the greatest common factor of r and 1140?
60
Let z = -66 + 66. Suppose -5*i + 12 = c, z = -2*i - 0*c + 4*c + 18. Calculate the greatest common factor of i and 3.
3
Suppose -200 = 62*f - 758. Calculate the greatest common divisor of 333 and f.
9
Let m = -37 - -152. Let a = -24 - -55. Let d = -8 + a. What is the greatest common factor of m and d?
23
Let m = 573 + -517. Let z = -34 + 174. Calculate the greatest common factor of m and z.
28
Let y = 266 + -255. Suppose -m - 2*d - 119 = -2*m, 607 = 5*m + 2*d. What is the greatest common divisor of y and m?
11
Let m = -216 + 219. What is the greatest common factor of m and 11?
1
Let c = 2769 + -9077. Let j be 4/(-14) - c/28. Calculate the greatest common divisor of 25 and j.
25
Let q be 4*((-5)/5 + 2). Suppose 0 = -q*p + p - 2*t + 773, 0 = 5*p + 2*t - 1295. Calculate the greatest common divisor of p and 29.
29
Let d(p) = 2*p**2 - 26*p + 1. Let r be d(14). Calculate the highest common divisor of r and 1247.
29
Let i(u) = 8*u + 168. Let m be i(-19). What is the greatest common divisor of m and 64?
16
Suppose -15 = -5*x - 2*k, 7 = 3*x - 2*k - 2. Suppose -4*z + x*z = -42. Suppose 0 = -4*g - z + 258. Calculate the highest common divisor of 18 and g.
18
Let z(l) = -l + 1. Let v be z(-4). Suppose -5*q = -4*q - 5. Suppose -421 + 146 = -q*j. Calculate the greatest common factor of v and j.
5
Suppose 2*g + 1528 = 4*n, 2*n - 3*g - 216 - 544 = 0. Suppose 2*v - 113 = n. Calculate the greatest common divisor of 31 and v.
31
Suppose -l = 4*x + 8 + 1, x - 4*l = 2. Let v(c) = 8*c**2 - 2*c - 8. Let n be v(x). What is the greatest common factor of 224 and n?
28
Suppose -2*j = -6*h + 2*h - 20, 4*h = -2*j + 52. What is the greatest common factor of 96 and j?
6
Let v be (1 - 3 - 6)*3. Let x be 64/v + 2/(-6). Let o be x/9 + 50/6. What is the greatest common divisor of 24 and o?
8
Suppose -4*w - 3*j + 187 = -276, -w - 2*j + 122 = 0. What is the greatest common factor of 14 and w?
14
Let m = 242 - 236. Let k = -22 - -46. Calculate the greatest common factor of k and m.
6
Suppose 190*w - 1120 = 186*w. Calculate the highest common divisor of 84 and w.
28
Suppose 6*i - 237 = -87. What is the greatest common factor of 5 and i?
5
Suppose 5*c - 11 = 19. What is the greatest common factor of 17 and c?
1
Let s(t) = -t**3 + 11*t**2 - 9*t - 4. Let m be 78/8 + (-1)/(-4). Let x be s(m). Suppose -x*a + 63 = -3*a. Calculate the greatest common factor of a and 7.
7
Suppose -433*p + 429*p = -16. Calculate the highest common factor of p and 1.
1
Suppose -1000 + 64 = -12*n. What is the highest common factor of n and 182?
26
Let p = -22 + 44. Suppose 0 = 24*w - p*w - 52. What is the highest common divisor of 52 and w?
26
Let q(m) be the first derivative of m**3/3 + m**2 + 2*m - 6. Let c be q(0). Suppose 21 = h + c*h. What is the greatest common factor of h and 7?
7
Let x(i) = 2*i**2 + 20*i - 522. Let n be x(-37). What is the highest common divisor of n and 41?
41
Let t be (1/(-1) - 3) + 1. Let z = 0 - t. Let b = 0 - -1. Calculate the greatest common divisor of z and b.
1
Let h = 7 + 0. Suppose w + 697 = 4*b, 4*b - 508 - 204 = -4*w. What is the highest common factor of h and b?
7
Let k(u) = 89*u - 101. Let v be k(16). What is the highest common factor of 21 and v?
21
Let n be 4/(-8)*(-2 + 72/(-4)). Suppose -5*y + 13 = 3*l, -3*l - 3*y = l - n. Calculate the greatest common factor of 1 and l.
1
Suppose 3*v = 2*y - 563, -v + 575 = 78*y - 76*y. Calculate the highest common factor of y and 44.
22
Suppose -24*p = -23*p - 20. Suppose -3*d + 3 = i - 54, i = 0. Suppose -d - 33 = -5*k - b, -k = -5*b. Calculate the greatest common factor of p and k.
10
Suppose 0 = -29*q - 69*q + 139650. Calculate the greatest common divisor of 190 and q.
95
Suppose 32*r + 3125 = 58069. Calculate the highest common divisor of r and 17.
17
Let r be ((-28)/(-10))/(2/170). What is the highest common factor of r and 70?
14
Suppose -j = -4*j - 4*y - 97, -3*j + 2*y - 91 = 0. Let k = 38 + j. Calculate the highest common divisor of 28 and k.
7
Let q(w) = w**3 + 5*w**2 + 2*w - 1. Let j be q(-3). Suppose 0 = j*l - 12*l + 6. Calculate the greatest common divisor of 48 and l.
6
Let z be 530/318 + 1/3. Let h be (-4)/14 + 44/7. Let t(n) = 2*n - 8. Let c be t(h). What is the greatest common factor of c and z?
2
Let c(i) be the second derivative of -i**4/6 + 19*i**3/6 - 6*i**2 + 10*i. Let u be c(8). What is the highest common divisor of u and 48?
12
Suppose 0 = -5*h + 2*p + 6, h - 4*p - 7 = 5. Suppose h = 3*i - 4*i + 162. What is the highest common divisor of i and 18?
18
Let b be (-81)/(-2) - (-5)/50*-5. What is the greatest common divisor of 16 and b?
8
Suppose -948 = 16*c - 22*c. Calculate the greatest common factor of 711 and c.
79
Let u be (-33)/(-5)*((-21)/91 + 417/117). Let i(a) = 32*a + 2. Let v be i(4). Let g = -75 + v. Calculate the greatest common factor of g and u.
11
Let q(s) = -2*s**2 - 22*s + 24. Let g be q(-12). Suppose -3*k + 12 = g, -3*k + 13 = h - 2*k. Calculate the greatest common factor of h and 15.
3
Suppose -4*s = 3*o - 1546, o - 490 = -0*o + 5*s. What is the highest common divisor of o and 30?
30
Let n = -825 - -905. Calculate the highest common factor of 15 and n.
5
Suppose -5*b = -0*b - 825. Let q = b + -81. Let i = -10 - -22. Calculate the greatest common divisor of q and i.
12
Let f(q) = q + 41. Let g be f(-13). Calculate the greatest common divisor of g and 266.
14
Suppose 3*g = -3*s + 195, g + g = 4*s - 278. Let o = -1538 + 1542. What is the greatest common factor of o and s?
4
Suppose -4*o = 15*o - 28*o + 144. Let d = -4 - -6. What is the highest common divisor of d and o?
2
Let r(j) = 4*j**3 + 7*j - 3 - 3*j**2 - 3*j + 1. Let m be r(2). Let k = 1269 - 1204. What is the highest common factor of m and k?
13
Let b = -21 - -33. Suppose -44 = -4*x - 3*p, 7 = 3*x - p - 13. What is the highest common divisor of x and b?
4
Suppose 5*t - 4*u = 2513, 13*t - 15*t + 5*u = -995. What is the highest common factor of 5 and t?
5
Suppose 0 = -r - 0*r + 2. Suppose 24 = 5*o - r*o. Let v be (-102)/(-2)*o/6. What is the highest common divisor of 17 and v?
17
Let t(y) = y**2 + 3*y - 30. Let d be t(-10). What is the highest common divisor of 520 and d?
40
Suppose -7*u - 1276 = -3*u. Let c = u - -506. Let t be (-102)/(-4)*(-2)/(-3). Calculate the greatest common factor of t and c.
17
Let c(m) be the first derivative of -1/3*m**3 + 84*m + 4 - 1/2*m**2. Let v be c(0). What is the highest common divisor of 21 and v?
21
Let y be 1*(-4 + 3) - -183. Suppose 7*j - 308 = y. What is the highest common factor of j and 10?
10
Suppose 2*r = -5*f + 63, -2*r + f = -75 + 6. Calculate the highest common divisor of 68 and r.
34
Suppose 1355 = 11*o - 1318. Calculate the greatest common divisor of 27 and o.
27
Let y(n) = -6*n - 2. Let u be y(-5). What is the highest common factor of u and 7?
7
Suppose -27 = -2*d + 9. Let b = d - 10. What is the greatest common divisor of b and 16?
8
Let h = -265 - -273. What is the highest common divisor of 34 and h?
2
Let c(d) = -5*d - 3. Let p be c(-5). Suppose 2*z - p - 44 = 0. Calculate the highest common factor of 66 and z.
33
Let c be 27/(-18) - (-778)/4. Suppose -194*d + 22 = -c*d. Suppose 4*h - 320 + 100 = 0. Calculate the highest common factor of d and h.
11
Let p(f) be the second derivative of f**4/12 - f**3/6 - 3*f. Let z be p(5). Let j be (-6)/(-9) - 52/(-12). Calculate the greatest common factor of z and j.
5
Let a = -80 - -168. Let k = a - 71. Calculate the highest common factor of k and 17.
17
Suppose -j - 6*j + 1400 = 0. Let p be 33*(j/6)/2. Suppose -b - 4*b + p = 0. What is the highest common divisor of 10 and b?
10
Suppose 2*n + 3304 = 3*f, n = -4*f + 5*n + 4408. Suppose -11*z